*2 + 17*a + 3. What is the units digit of v(-2)?
5
Suppose 3*w + 3 = 0, 2*a - 320 - 1327 = 3*w. What is the units digit of a?
2
Suppose 34*c - 35*c + 845 = 0. What is the tens digit of c?
4
Suppose -5*s + 4*n - 10 = 0, -3*s = 2*n + 2 + 4. Let c be (5/1)/(s/(-42)). Suppose c = -3*d + 7*d + 3*b, -2*d - 5*b + 63 = 0. What is the tens digit of d?
2
Suppose 4*r = 2626 - 326. What is the units digit of r?
5
Let i = -15 + 1. Let p = i + 14. Suppose 6*d - d - 220 = p. What is the tens digit of d?
4
Let d = 1029 - 44. What is the hundreds digit of d?
9
Let h(k) = 337*k**2 - 4*k + 1. What is the units digit of h(1)?
4
Let n = -973 - -1684. Suppose 0 = -g + 10*g - n. What is the units digit of g?
9
Suppose 0 = -3*h, 3*u - 5 + 14 = 4*h. What is the units digit of 2975/51 - (-1)/u?
8
Suppose l - 7*l = -4614. What is the hundreds digit of l?
7
Let v be 9 - (-8)/12*-6. Suppose 2*c + 3*q - 112 = 0, 4*q - 280 = -v*c - 0*q. What is the tens digit of c?
5
What is the hundreds digit of (3*1365/(-75))/((-1)/20)?
0
Let p(m) = m**2 + 14*m + 110. What is the units digit of p(42)?
2
Suppose -28*o = -34 - 3802. What is the tens digit of o?
3
Suppose -g = -6*g + 555. Suppose g + 279 = 6*f. What is the units digit of f?
5
Let w be 39987/(-12) + 3/(-4). Let i = 2277 + w. What is the tens digit of i/(-21) + (-2)/7?
5
Let i be (-6 + 7)/((-2)/(-10)). Suppose -8 = 2*t - i*j, -3*t + 3*j + 4 = -4*t. What is the units digit of (t + -1 - -3) + 10?
8
What is the tens digit of ((-78)/(-195))/((2/2490)/1)?
9
Let v = 347 + -350. Let z(y) = 3*y**3 + 21*y**2 + 12. Let g(b) = -b**3 - 7*b**2 - 4. Let k(h) = 11*g(h) + 4*z(h). What is the units digit of k(v)?
0
Suppose 15*x = -23*x + 164502. What is the hundreds digit of x?
3
Let y = 157 - 62. Suppose -2*r + y + 75 = 0. Suppose 3*c - r = -h, -4*c + 5*h = 3*h - 130. What is the units digit of c?
0
Let h = -12 - -14. Suppose h*b + 4*u - 66 = 0, -34 = -5*b + 5*u + 131. What is the tens digit of b - -3*(-8)/(-12)?
3
Let q = 12 - 7. Let w(g) be the third derivative of g**4/2 - 3*g**3/2 + 27*g**2. What is the tens digit of w(q)?
5
Let a(b) = -2*b**3 + 10*b**2 + 10*b + 12. What is the units digit of a(5)?
2
Let l(s) = -155*s**2 + s + 1. Let b be l(-1). Let d = 47 - b. What is the hundreds digit of d?
2
Let f = -1 + 3. Suppose -4*q + 78 = 2*y, 5*q + 48 = 8*q - 2*y. Suppose -2*m = -5*b + 43, f*m = -5*b + 29 + q. What is the units digit of b?
9
Let o(z) = -7*z + 5 + 0*z - 2*z - z**2 - 8*z. Let l be o(-12). Suppose -3*r + 68 = -5*i - l, 5*r - 229 = i. What is the tens digit of r?
4
Let n = 36 - 32. What is the units digit of 216/(-126)*(-182)/n?
8
Let o(z) = z**3 + 38*z**2 - 30*z - 406. What is the hundreds digit of o(-33)?
0
Let j = -115 + 117. Suppose j*w + 0*w + 266 = c, w - 3 = 0. What is the units digit of c?
2
Suppose 2*v - 60 - 24 = 0. Let l = -33 + v. What is the units digit of l?
9
Let c(x) = -158*x + 12. What is the tens digit of c(-1)?
7
Let i(p) = -14*p + 15. Let l be 3 + (-3 + -6)/1 + -1. What is the hundreds digit of i(l)?
1
What is the tens digit of 7 + -1 + 3/(6/3442)?
2
Suppose j - 10 = 444. What is the units digit of j?
4
Let f(k) = k**2 + 11*k - 8. Let i be f(-12). Suppose 5*q - 390 = 5*v, -i*q - 8*v + 3*v = -276. What is the units digit of q?
4
Suppose -j = 5*a, 5*j + a - 23 = -a. Suppose j*f = f + 216. What is the tens digit of f?
5
What is the tens digit of (-9185)/(-14) - (-16)/((-3360)/15)?
5
Let d(z) = z**3 - 9*z**2 - 14*z + 16. Let s be d(10). Let y = 29 + s. What is the units digit of y?
5
Let a be 20/(-1) - 4/2. What is the tens digit of (a - -13)/(6/(-16))?
2
Let a(l) be the second derivative of -l**4/12 - 10*l**3/3 - 17*l**2/2 + 9*l. What is the units digit of a(-18)?
9
Let c = -219 + 229. Let r = 2 - -2. Let b = r + c. What is the units digit of b?
4
Suppose 2448 = -5*a - 4*m + m, 0 = -5*a - 2*m - 2452. Let y = a - -772. What is the tens digit of y?
8
Let w be -2*((-1341)/6 - 2). Suppose 2*h + j - 661 = 0, -539 = -3*h - 2*j + w. What is the hundreds digit of h?
3
Suppose 137*i - 134*i = 177. Let x be 78*((-2)/4)/(-1). Let o = i - x. What is the units digit of o?
0
Suppose -5*u = 2*f - 2012, 0 = -3*u - 0*f - 2*f + 1208. Suppose u = -h + 7*h. What is the tens digit of h?
6
Suppose -t - 3*h + 4 = -0*t, 0 = 2*h. Suppose -40 = t*w + w + 3*q, -3*w = q + 20. What is the units digit of (-7 - w)/((-2)/1)?
1
Let h = -29 + 47. Let m = 49 - h. What is the tens digit of m?
3
Let p(g) = -4*g**2 - 17. Let l(r) = -r**2 - 6. Let k(c) = 7*l(c) - 2*p(c). What is the units digit of k(11)?
3
Suppose -10*o + 4 = -9*o. Let l(x) = x**3 + 6*x**2 - 2*x - 3. Let b be l(-6). Suppose b = j + o. What is the units digit of j?
5
Let d(m) = -m**3 + m**2 + 4*m + 4. Let b be d(3). What is the units digit of 64 - (6/1)/b?
7
Let k be (-2)/7 + 60/14. Suppose k*x - 6 = x. Suppose -4*h - 10 = x*u - 40, -4*u + 5*h - 5 = 0. What is the units digit of u?
5
Let b = -4 - 6. Let g = 10 + b. Suppose 3*k - 39 = -g*k. What is the units digit of k?
3
Suppose 2*p + 11 = 4*p + 3*a, -p + 7 = 3*a. Suppose p*d = s + 2*s - 53, 3*d + 21 = s. What is the tens digit of s?
1
Suppose -t - 271 = -3*q - 5*t, 177 = 2*q - t. Suppose -4*r + 2*r = 2, -q = -2*n - r. Suppose 4*z = 16, -5*c + n + 51 = 4*z. What is the units digit of c?
6
Let p(a) = 2*a**3 + 13*a**2 - 11*a - 24. Let s be p(-7). What is the tens digit of 2*1/s*174?
8
Let j(o) = -29*o + 59. What is the units digit of j(-17)?
2
Let t be ((-18)/(-81) + (-26)/36)*-10. Suppose 656 - 1726 = -t*s. What is the units digit of s?
4
Let l be 0 + (0 - (0 - -1)). Let j be (-94)/(-141) - ((-121)/3 + -1). What is the units digit of (l/(-7))/(6/j)?
1
Let x = -723 - -899. What is the hundreds digit of x?
1
Let r be (-4)/10 - 660/(-25). What is the units digit of (-4)/r - (-795)/13?
1
Suppose -892*r + 885*r + 18956 = 0. What is the hundreds digit of r?
7
Let b = -3 - -6. Suppose -b*n = n - 28. What is the units digit of n?
7
Let q(d) = -3*d**3 - 7*d**2 + d - 7. Let m be q(-5). Suppose -i - m = -2*f + 3*i, -i = -2*f + 200. What is the hundreds digit of f?
1
Let l(f) = 26*f - 44. What is the hundreds digit of l(13)?
2
Let t(g) = g**3 - 27*g**2 + 3*g + 43. What is the units digit of t(29)?
2
Let t be (-1 + 3/(-2))*2. Let i(y) = -y**3 - 6*y**2 - 5*y + 6. Let u(v) = v**3 + 6*v**2 + 5*v - 7. Let j(m) = 5*i(m) + 4*u(m). What is the units digit of j(t)?
2
What is the hundreds digit of (-16)/(1440/(-13419)) + 3/(-30)?
1
Let p(g) = g**3 - 6*g + 22. Let d be p(0). Let n(l) = l**3 - 23*l**2 + 24*l + 4. What is the tens digit of n(d)?
4
Let g(r) be the first derivative of -21*r**4/4 - 2*r**3/3 + r - 1. Let u = -22 + 21. What is the tens digit of g(u)?
2
Let d(p) = p**2 + 2*p + 4. Let y = 14 + -10. What is the units digit of d(y)?
8
Let x = 117 + 130. Suppose 4*i + 4*f = 20, 5*i + 11 = -2*f + 36. Suppose -r = -3*p + 111, -4*r + 69 = -i*p + x. What is the units digit of p?
8
Suppose 2 = -m + 1, -3 = 4*n + 3*m. Suppose 0 = -n*s + 5*s - 20, 2*x - 60 = -s. What is the units digit of x?
8
Suppose 37061 = 95*o - 33239. What is the hundreds digit of o?
7
What is the tens digit of -5 + (-133)/(-28) + (-3258)/(-8)?
0
Let i = 401 - 99. Suppose -i = -9*x + 121. What is the tens digit of x?
4
Suppose -5*y + 21 = -14. What is the tens digit of 29/(-2 + y/3)?
8
Let u(f) = f**2 - 9*f. Let h be u(9). Let c be (h - (-3)/4)*4. Suppose 36 = c*y - 2*y. What is the tens digit of y?
3
Let c(g) be the second derivative of -g**4/12 - 3*g**3/2 - 6*g**2 - 19*g. What is the units digit of c(-7)?
2
Suppose 3*v = 7*v - 1216. What is the hundreds digit of v?
3
Let r(z) = -6*z + 59. What is the tens digit of r(-12)?
3
Suppose 13*p = 9*p + 3*g + 18272, 0 = 2*p + g - 9146. What is the units digit of p?
1
Let w(g) = 101*g**2 - 6*g - 14. What is the units digit of w(4)?
8
Let f(g) = g**3 - 8*g**2 + 3*g + 5. Suppose -14*i + 4*i + 80 = 0. What is the units digit of f(i)?
9
Let a be (-1 - (-5 - -3)) + 2. Suppose -7 = c + a. What is the units digit of 819/35 - (-4)/c?
3
Suppose 8337 = 5*o + d, -5*o = 4*d - 2991 - 5352. What is the units digit of o?
7
Let g be (410/(-35) - -6) + 4/(-14). What is the units digit of (-175 + 0)*g/15?
0
Let t(u) = -38*u - 26. Let b be t(-6). Let p = b + -120. What is the units digit of p?
2
Suppose 3*n = 5*q + 2911, -1914 = -2*n - 51*q + 49*q. What is the unit